ctors of c?
37
Let d = -13 + 33. List the prime factors of 425/d + 2/(-8).
3, 7
Let q(b) = -b**2 + 7*b. Let f be 3*(-3)/(-9)*-14. Let n = f - -20. What are the prime factors of q(n)?
2, 3
Let l = -2 + 10. Suppose -35 = -5*x - 2*v, -3*x - 4*v + 13 = -l. List the prime factors of x.
7
Let c(g) = -g**3 - 2*g**2 + g. Let b be c(-3). Suppose 0 = -5*y - b + 56. List the prime factors of y.
2, 5
Suppose 3*r + 6 + 3 = 0. Let n = r + 5. Suppose -2*l - 2*v - 1 = -5, 0 = -n*l - v + 9. List the prime factors of l.
7
Let a = -4 + 5. Let q be (-1 - a)*(-7)/14. Suppose 0 = u - x - 2 + q, 14 = -u + 4*x. What are the prime factors of u?
2, 3
Suppose -5*r = 5*d - 230, -2*d + r + 150 = d. What are the prime factors of d?
7
Suppose -840 = 20*i - 27*i. What are the prime factors of i?
2, 3, 5
List the prime factors of (-19)/(4 + (-9)/2).
2, 19
Let o = 5 + -12. Let d(n) = n + 16. What are the prime factors of d(o)?
3
List the prime factors of ((-11)/33)/(1/(-102)).
2, 17
Suppose -3*v + 187 = f + 27, -4*f = -4*v - 576. What are the prime factors of f?
2, 37
Let h(x) = 2*x - 1. Let j be h(-4). List the prime factors of 6/j - 132/(-9).
2, 7
List the prime factors of (28/(-12) + 3)*15.
2, 5
Suppose -k + 2 + 2 = 0. Suppose 0 = 2*n + 3*r - 10, -7*r - 60 = -k*n - 3*r. What are the prime factors of n?
11
Let t(b) = -2*b - 21. Let u be t(-15). List the prime factors of (8 - u)/((-2)/4).
2
Let p be -2*(-1)/(-3)*-6. Suppose -5*q + 4*r + 87 = 0, -3*q - p*r + 28 + 5 = 0. Suppose -3*h = -2*j - q, 5*j - 4*j + 11 = 2*h. What are the prime factors of h?
7
Suppose 6*o - 3*o = 3. Let t = 10 - o. List the prime factors of (-8)/3*t/(-2).
2, 3
Let p = 92 - -11. List the prime factors of p.
103
Suppose 2*j - 10 = -0*j. Suppose 0 = -q - 4*i + 15, q - j*i - 17 = -q. What are the prime factors of q?
11
Let q(h) = -6*h**2 + h**3 - 4 - 2*h + 4*h + 3*h. Let x be q(5). What are the prime factors of 6/x*8*-1?
2, 3
Let c(f) = -2*f**2 + 3*f - 4. Let i be c(3). Let a = i + 6. Let v(x) = x**3 + 6*x**2 - 9*x - 9. What are the prime factors of v(a)?
5
Let j = -34 + 62. Let a = j + -20. What are the prime factors of a?
2
Suppose 11*i + 52 = 7*i. What are the prime factors of (-7 - i)/(2/18)?
2, 3
Let d(w) = -6*w - 1. Let c = 1 + 1. Let k be (-14)/10 - c/(-5). What are the prime factors of d(k)?
5
Let v(d) = 3*d**2 + 2*d + 6. Let x be v(5). Let z = -57 + x. Suppose r - z = -2*c, -7*r + 12 = -4*r. What are the prime factors of c?
3, 5
Suppose -209 = -2*g - 5*r, 5*r - 3 = -28. What are the prime factors of g?
3, 13
Suppose 16 = -5*j + 121. List the prime factors of j.
3, 7
Suppose 0 = -5*k - 20, -5*r - 3*k = -8*r + 114. What are the prime factors of r?
2, 17
Suppose -5*x = -w - w - 2, w + 3*x - 10 = 0. Suppose 5*q + 0*q = -f + 48, -3*f = w*q - 34. What are the prime factors of q?
2, 5
Suppose -2*p + 6 = -0*p. Let w(a) = -a**3 + 3*a**2 + 3*a + 1. What are the prime factors of w(p)?
2, 5
Suppose 3*n - 69 = 459. What are the prime factors of n?
2, 11
Let b(h) = h**3 - 5*h**2 - 3*h - 3. Let i be b(6). Suppose 9 = -3*d - 0*y + 3*y, 3*y = -3*d + 15. Let s = i - d. List the prime factors of s.
2, 7
Let i(z) = z**3 + 10*z**2 + 13. Let b be i(-10). Let f = b - -26. What are the prime factors of f?
3, 13
Let n be -3*(-3)/(-2)*-2. Suppose -5*v + 16 = -v. Suppose -3*k - n = -v*k. What are the prime factors of k?
3
Suppose -q - p + 152 = 0, -3*q + 144 = -3*p - 324. What are the prime factors of q?
2, 7, 11
Let c be (16/20)/(4/30). Suppose -3*i + c + 6 = 0. List the prime factors of i.
2
Let q(s) = -2*s**3 - 2*s**2 - s. Let k be q(-1). Let u(n) = 3*n - k - 3*n - 3*n. List the prime factors of u(-3).
2
List the prime factors of 3*(8 + -5 + 1).
2, 3
Suppose -2*o - 6 = o. Let w(n) = 5*n**2 + 2*n. Let k be w(o). Suppose 4*g - 3*g + 5*s + k = 0, -3*s + 21 = 4*g. What are the prime factors of g?
3
Let d be -4*((-3)/(-6) + -1). Suppose -45 = -5*z - d*u, -4*z + 2*u + 54 = -0*u. List the prime factors of z.
11
Let v(q) = -10*q. Let m be v(-1). Let h = 25 - m. What are the prime factors of h?
3, 5
Let r(a) = a**2 + 8*a - 13. Let k = -22 - -13. Let d be r(k). What are the prime factors of d*1/3*-3?
2
What are the prime factors of (13 - 9) + 46/1?
2, 5
List the prime factors of -1*(-3)/6 + (-1845)/(-6).
2, 7, 11
Let t be 2/(-5) - 165/25. Let d = 46 + t. List the prime factors of d.
3, 13
Suppose -5*t + 4*g = -t - 104, 2*g - 86 = -4*t. What are the prime factors of t?
23
Let b(y) = -y**3 - 5*y**2 + 8*y + 7. Let z be b(-6). Let k(s) = -s**3 - 4*s**2 - s - 4. Let i be k(z). Let d = 38 - i. What are the prime factors of d?
2, 3
Suppose -4*u + 69 + 15 = 0. Suppose 5*n - 15 - 10 = 0, 5*o + 2*n = 50. Let s = u - o. What are the prime factors of s?
13
Let k = 39 + -69. List the prime factors of 3*(-4)/6 - k.
2, 7
Let l = -169 - -432. What are the prime factors of l?
263
What are the prime factors of ((-298)/(-4))/(7/14)?
149
Let z = 12 - 6. What are the prime factors of ((-2)/z)/((-4)/24)?
2
Suppose 0 = v - 0*v + 1. What are the prime factors of 11 + (0 + 0)/v?
11
Let c(u) = 4*u + 3*u + 0*u - 11. List the prime factors of c(7).
2, 19
Let j(l) = 3*l - 1. Let q be j(1). Let u be (-41 + 3)*-1 - -2. Suppose -7*b + u = -q*b. List the prime factors of b.
2
Let z(n) = 4*n + 2*n - 22*n - 19*n. Let x(p) = -17*p. Let m(k) = 7*x(k) - 4*z(k). List the prime factors of m(1).
3, 7
Suppose -3*i + 10 = 2*i. Suppose 5*r = 2*v + 20, 2*v = -i*r + 3 + 5. What are the prime factors of r?
2
Let z be 165/(-25) + (-9)/(-15). What are the prime factors of ((-6)/(-4))/(z/(-104))?
2, 13
Let q = -86 - -138. Suppose -4*v = -v + 5*c - q, 2 = c. What are the prime factors of v?
2, 7
Suppose 2*j - 16 = -2*j - 3*r, -5*j + 23 = 3*r. List the prime factors of j.
7
Let v(m) = m**2 - 2*m + 4. List the prime factors of v(2).
2
Let n be 12/(-5)*15/(-6). Suppose 0 = -3*b - 5*m + 41 + 10, -2*m - n = -b. What are the prime factors of b?
2, 3
Suppose -v = 3*k - 12, -k = -0*v - 2*v - 11. Suppose -k*f + 0 = -20. What are the prime factors of f?
2
Suppose 0*m - 2*m = -4. Suppose -m = -i - 0. List the prime factors of i/(-4) - (-11)/2.
5
Suppose 0 = -4*l - 427 + 15. Let i = 155 + l. Suppose 7*z - 4*z = 4*h + i, 3*h - 77 = -5*z. List the prime factors of z.
2
Let v(g) = 1 + 5*g + g**3 - 5 + 3*g**2 - 7*g. Let f be v(-3). Suppose 4*m = f*m + 18. List the prime factors of m.
3
Let s(b) be the first derivative of 15*b**2/2 + 4*b + 3. What are the prime factors of s(3)?
7
Let y = -25 + 14. Let a = -7 - y. What are the prime factors of a?
2
Let b(m) = -4*m - 6. Let g(q) = -4*q - 6. Let o(y) = -3*b(y) + 4*g(y). List the prime factors of o(-7).
2, 11
Suppose -129 = -3*b + 228. What are the prime factors of b?
7, 17
Suppose -3*x = 3*r - 18, 3*x = 4*r - 0*x - 3. Let j be (-6)/(-4)*(-4)/r. Let c(n) = -3*n - 3. What are the prime factors of c(j)?
3
Let m be 336/(-18) - 4/(-6). What are the prime factors of ((-68)/6)/(12/m)?
17
Suppose -2*l = -1 - 17. Suppose 2*t + t - l = 0. Suppose -t*g + 48 = g. What are the prime factors of g?
2, 3
Suppose -3*y - 3*b + 6*b = -57, 0 = 5*y - 4*b - 99. Suppose 0*w + y = w. What are the prime factors of w?
23
Let y(b) = -3*b**3 - 12*b**2 - 4*b + 10. List the prime factors of y(-6).
2, 5
Let l(p) = p**3 - 8*p**2 + 8*p - 9. Let u be l(7). Let f = u + 10. List the prime factors of f.
2
Let k(g) = -g**3 - 7*g**2 + 6*g - 1. Let q(u) = u**3 - 8*u**2 - 2*u + 8. Let v be q(8). Let x be k(v). Suppose 0*j = -j + x. What are the prime factors of j?
3, 5
Let o(b) = -b + 4. Let z be o(3). Let w(j) = 36*j + 1. List the prime factors of w(z).
37
Let d(y) = -6*y - 1. Suppose b + 2 = 1. Let v be d(b). Suppose -5*k - 2*w - v = -25, 5*w + 37 = 2*k. What are the prime factors of k?
2, 3
Suppose -9 = -4*y + 111. What are the prime factors of y?
2, 3, 5
What are the prime factors of (-4*3/(-24) - 0)*152?
2, 19
Let p be 2/(-11) - (-120)/55. Let v(a) = a**3 + 4 + a - 4 - a**p. List the prime factors of v(2).
2, 3
Suppose -30 = -v - 2*v. What are the prime factors of (-6)/(-30) - (-148)/v?
3, 5
Let s be ((-144)/60)/(4/(-130)). Suppose -10 = -r + 2*g, 3*g = 6*r - r - s. What are the prime factors of r?
2, 3
Let a = 106 - 50. List the prime factors of a.
2, 7
What are the prime factors of (42/9)/7 - (-356)/6?
2, 3, 5
Let g be (-30)/5*(-2)/6. Let y be 1/((-3)/(-5 + g)). Let a = 7 - y. Li